hat is the highest common divisor of p and 12?
12
Suppose -28 - 12 = -4*p. Let c = p - -8. What is the highest common divisor of 30 and c?
6
Suppose 0 = -5*a + 15, -4*a + 15 = 3*d - 24. Let k be ((-1095)/d - 3)*-3. Calculate the highest common divisor of k and 34.
34
Let z = -618 + 642. Calculate the highest common factor of z and 264.
24
Let k = -63 - -151. Suppose -12*j = 9*j - 168. Calculate the highest common divisor of j and k.
8
Let w be 0 + 4 + -2 + 76. Let h = w + -66. Calculate the greatest common factor of h and 36.
12
Let a(u) = 3*u**3 + u**2 - 3*u + 7. Let o be a(3). What is the greatest common divisor of 11 and o?
11
Let m = 1 - -3. Let c be (-312)/(-12) + (-8 - -2). Suppose -18*s - 56 = -c*s. Calculate the greatest common divisor of s and m.
4
Let j(r) = 2*r**2 + r + 11. Let v be j(7). Calculate the highest common factor of 29 and v.
29
Let l(r) = 2*r - 3. Let h be l(10). Suppose -z + s = -5, -4*z = z - s - h. Suppose -16 = -z*a + 44. Calculate the greatest common divisor of a and 20.
20
Let j = 616 - 369. Suppose 3*l - 378 = -t - 2*t, 0 = 2*t + l - j. Let b = -69 + t. Calculate the highest common factor of b and 13.
13
Let r(g) = 0 - 12*g - 5 - 7*g. Let d be r(-5). Let t be ((-8)/6)/(6/(-45)). What is the highest common divisor of d and t?
10
Suppose 0 = 3*w + 2*x - 155, 3*x - x = -5*w + 261. What is the greatest common divisor of 477 and w?
53
Suppose g = 5*v + 6*g - 140, -2*g = -2*v + 48. Suppose 7*x - v = 9. Calculate the highest common divisor of 40 and x.
5
Suppose -2*j = -220 - 0. Suppose 0 = 5*i - 2*w - 58, 4*i - 38 = i - 2*w. Let a = i - 2. Calculate the greatest common divisor of a and j.
10
Let a = -3167 + 3175. Let u(j) = j**3 - 4*j**2 + 3*j - 4. Let h be u(4). What is the greatest common divisor of a and h?
8
Let p be 0 + (25 - (-3 + 1)). Let u(a) = 3*a - 21. Let i(c) = c - 16. Let t be i(29). Let f be u(t). What is the highest common divisor of p and f?
9
Let x be (0 - -1)/((-2)/(-6)). Suppose 11 = n + x*c, -2*n = -7*n + 3*c + 1. Suppose -47 = 41*m - 211. Calculate the greatest common divisor of m and n.
2
Let u = 109 - 86. What is the greatest common factor of 207 and u?
23
Suppose o = -3*y + 836, 2*o + 34 - 586 = -2*y. Calculate the highest common factor of 35 and y.
35
Suppose 117 = -59*m + 68*m. Suppose 22 - 100 = -3*x. What is the greatest common divisor of m and x?
13
Let v(u) = -22*u + 11. Let o(c) = c**3 - 4*c**2 - 5*c - 8. Let j be o(5). Let x be v(j). What is the greatest common factor of x and 17?
17
Let x(q) = q + 10. Let s be x(-2). Suppose s*g = 155 + 461. Calculate the highest common divisor of g and 11.
11
Let a(s) = s**3 - s**2 - 4*s + 1. Let d be a(3). Suppose 5*y - o + 47 = 6*y, 139 = 3*y + 4*o. Calculate the greatest common factor of d and y.
7
Suppose -62*p + 64*p + 612 = 2*f, 4*f - 1224 = -4*p. Calculate the highest common factor of 408 and f.
102
Suppose -17*z + 18*z - 7 = 0. What is the highest common divisor of z and 133?
7
Let y be 166/12 - ((-68)/24)/17. Suppose t - 143 = -4*h, 2*t + 0*t = -5*h + 181. What is the greatest common divisor of h and y?
7
Let l(g) = 35*g - 123. Let m be l(7). What is the highest common divisor of m and 671?
61
Let w be 8 + (-7508)/(-6) + 4/6. What is the greatest common divisor of w and 14?
14
Let y(i) = -i - 6. Let a be y(-3). Let m = a - -17. Calculate the highest common divisor of 126 and m.
14
Let v be 8*(-1 - (-6)/4). Suppose -2*x - h = -41, 67 = -0*x + v*x - h. What is the highest common divisor of x and 27?
9
Let l(i) = -i**3 - i**2 - 7*i - 3. Let j be l(-5). Suppose 0 = 10*g - 62 - 58. Calculate the highest common divisor of j and g.
12
Suppose 4*q + 8 = -m + 1, 0 = 4*m - 3*q - 29. Let h = -33 + 60. Let t = -2 + h. Calculate the greatest common divisor of t and m.
5
Let j be 1*(-20)/24*2*-9. Suppose 3*i = 2*o - 3 - 1, 0 = -3*o + j. Suppose -3 = -4*b + 3*b. Calculate the highest common factor of i and b.
1
Let t(i) = i + 9. Let g be t(6). Suppose 5*d = g, -d + 26 = c - 3*d. Calculate the highest common divisor of 12 and c.
4
Let o be 1 + 19/(-133) + (-15)/(-7). What is the greatest common divisor of o and 21?
3
Let z be (6 - 20/3)*-24. What is the greatest common divisor of 128 and z?
16
Suppose -3*l + 5 + 4 = 0. Suppose -5*v + 4*g + 40 = 0, 2*v + v - l*g - 24 = 0. Let h = 2 + -1. What is the highest common factor of h and v?
1
Let n(d) = 17*d**3 - 3*d - 4. Let x be n(-2). Let q = -50 - x. What is the highest common factor of 21 and q?
21
Let s(z) = 3*z**2 + 10*z - 2. Let j be (36/15)/(3/(-10)). Let a be s(j). Let c = -175 + 197. What is the greatest common factor of a and c?
22
Let m(n) = 3*n + 4. Let w be m(6). Suppose -9*v + 8*v + w = 0. Calculate the highest common factor of v and 11.
11
Let w = -287 - -336. What is the greatest common divisor of w and 49?
49
Let u be (-136)/120 + (-4)/(-30). Let g be ((-90)/25 + 4)*(-60)/u. What is the greatest common divisor of g and 4?
4
Suppose -10 = -5*p + 5. Suppose -40 = p*w + 2*w. Let h be -4 - 2/(w/52). What is the highest common divisor of h and 6?
3
Suppose -10*p = -7*p + 411. Let y = p - -157. Calculate the highest common divisor of 60 and y.
20
Let c be 1 + 9 + (-4)/2. Let t be c/(-1 - 24/(-20)). Calculate the highest common divisor of t and 5.
5
Let r(o) be the third derivative of o**5/20 - o**3 - 28*o**2. Let n be r(2). What is the highest common factor of 66 and n?
6
Let q = -101 + 120. Suppose -4*v = 3*d - 3*v - q, -2*d = 2*v - 6. Calculate the highest common divisor of 16 and d.
8
Suppose -2*a = -4*q + 6, 5*a = -0*q - q + 7. Let j be ((-140)/q)/(6/(-27)). Let h = 71 - 36. What is the highest common divisor of h and j?
35
Let k(a) = -a**3 - 14*a**2 - 7*a - 15. Let v(l) = l. Let x(m) = k(m) + 5*v(m). Let i be x(-14). What is the highest common divisor of i and 91?
13
Let p = -24 - -25. Let w be (0/(-1) + (-132)/(-11))*p. What is the highest common factor of w and 30?
6
Let j = 1018 - 64. Calculate the highest common factor of 18 and j.
18
Let a(n) = -17*n + 151. Let z be a(-8). Calculate the highest common divisor of 82 and z.
41
Let o be ((-135)/100 - 9/(-15))*-12. Let r be (-2)/4*3*-2. Let i(t) = 2*t + 3. Let p be i(r). What is the greatest common divisor of o and p?
9
Let y(r) = 35*r - 10*r - 12*r - 3*r**2 - 10*r - r**3 - 7. Let b be y(-5). What is the highest common factor of b and 126?
14
Suppose -3*t + 49 + 10 = 2*d, -2*d + 17 = t. What is the greatest common divisor of t and 14?
7
Let t(a) = a**2 - 1. Let l be t(7). Calculate the highest common divisor of l and 336.
48
Suppose -5*c + 267 + 858 = 0. What is the highest common factor of 75 and c?
75
Suppose -3*l = l - 24. Suppose -3*y - 2*o = -l*o - 18, 2*y = o + 7. Suppose -y*x = -7*x + 735. What is the greatest common factor of x and 21?
21
Suppose -c = 2*c - 48. Let w be ((-20)/5 + -2)/(-3). Calculate the highest common divisor of c and w.
2
Suppose 1 + 2 = 3*v. Let z(a) = 2 - v + 58*a - 1 + 1. Let h be z(2). What is the highest common divisor of h and 13?
13
Let o be (-1 - 0)/((-13)/26). Suppose 50 = 3*u + o*u. Calculate the highest common divisor of u and 10.
10
Let x(m) = m**3 + 14*m**2 + 47*m - 3. Let w be x(-8). What is the highest common factor of 24 and w?
1
Suppose 3*o = -o + 116. Let l = 10284 + -9965. Calculate the highest common factor of l and o.
29
Suppose -13 = -4*f + 59. Let o = 1224 - 1080. Calculate the greatest common divisor of o and f.
18
Let b be ((-12)/(-9))/(-4) - (-1684)/(-6). Let k = b + 421. What is the highest common factor of 56 and k?
28
Suppose 8*p + 36 = 2*p. Let f be p + 3 - (-46 + 7). Calculate the highest common factor of f and 27.
9
Suppose 4*g = 3*a + 279, -3*g + 4*a = -67 - 144. Suppose 4*z + 25 = 3*z. Let o = z + g. What is the highest common divisor of 22 and o?
22
Suppose -189 = -11*i + 999. Calculate the highest common divisor of 1764 and i.
36
Suppose 2*f - 1 = -4*r - 141, f = 3*r - 80. Let j = f + 88. Calculate the greatest common divisor of 154 and j.
14
Let p = 17 - 17. Suppose -5*t = 5*y - 60, p - 4 = t. What is the greatest common factor of 4 and y?
4
Let x be (-28)/(-8) - 1/(-2). Suppose 2*n = -3*n - 15. Let u(q) = -8*q - 4. Let t be u(n). What is the highest common divisor of t and x?
4
Let d(h) = -85*h + 397. Let q be d(-4). Calculate the greatest common factor of q and 11.
11
Let m = -62 